t is the tens digit of 642641958?
5
What is the ten thousands digit of 26455944?
5
What is the millions digit of 15895354?
5
What is the thousands digit of 2477153812?
3
What is the hundreds digit of 1869613695?
6
What is the millions digit of 7204014?
7
What is the ten millions digit of 796224068?
9
What is the hundred thousands digit of 118969228?
9
What is the tens digit of 326030049?
4
What is the millions digit of 4504937243?
4
What is the tens digit of 6636577853?
5
What is the ten thousands digit of 62861634?
6
What is the hundreds digit of 511335746?
7
What is the thousands digit of 7448785448?
5
What is the hundreds digit of 26442195?
1
What is the hundreds digit of 1646592577?
5
What is the millions digit of 17230729?
7
What is the hundreds digit of 42005216?
2
What is the thousands digit of 531484452?
4
What is the ten thousands digit of 26790813?
9
What is the millions digit of 56821348?
6
What is the units digit of 2794001710?
0
What is the ten millions digit of 69615127?
6
What is the ten millions digit of 3043472061?
4
What is the thousands digit of 280200344?
0
What is the ten millions digit of 48926163?
4
What is the hundred thousands digit of 61981420?
9
What is the hundreds digit of 137943547?
5
What is the ten millions digit of 41323305?
4
What is the units digit of 4312668?
8
What is the ten thousands digit of 86247491?
4
What is the tens digit of 3598381610?
1
What is the ten millions digit of 183238717?
8
What is the tens digit of 191528669?
6
What is the thousands digit of 326489631?
9
What is the thousands digit of 1349697600?
7
What is the tens digit of 412036995?
9
What is the ten millions digit of 560097361?
6
What is the ten millions digit of 3847180398?
4
What is the hundred thousands digit of 25744668?
7
What is the hundreds digit of 3658336662?
6
What is the hundreds digit of 99340368?
3
What is the ten thousands digit of 68544238?
4
What is the hundred thousands digit of 373973292?
9
What is the hundreds digit of 49007032?
0
What is the thousands digit of 20961890?
1
What is the hundred thousands digit of 1051945356?
9
What is the ten thousands digit of 396573?
9
What is the millions digit of 285562363?
5
What is the hundred thousands digit of 570689470?
6
What is the tens digit of 64490986?
8
What is the ten millions digit of 724272554?
2
What is the hundred millions digit of 1225049060?
2
What is the ten thousands digit of 585102974?
0
What is the millions digit of 48619217?
8
What is the ten thousands digit of 2198308950?
0
What is the thousands digit of 41281727?
1
What is the thousands digit of 86577431?
7
What is the thousands digit of 147618366?
8
What is the hundred millions digit of 2381468353?
3
What is the ten thousands digit of 152175324?
7
What is the ten thousands digit of 11761809?
6
What is the ten millions digit of 41487864?
4
What is the thousands digit of 142621140?
1
What is the millions digit of 1619738687?
9
What is the tens digit of 1725222972?
7
What is the tens digit of 80480432?
3
What is the hundred millions digit of 521621998?
5
What is the hundred millions digit of 191065343?
1
What is the units digit of 609778524?
4
What is the millions digit of 74439789?
4
What is the thousands digit of 228892489?
2
What is the hundreds digit of 2082593540?
5
What is the hundred thousands digit of 21925741?
9
What is the tens digit of 198256317?
1
What is the ten millions digit of 481126650?
8
What is the units digit of 1222520597?
7
What is the thousands digit of 34757444?
7
What is the ten millions digit of 834426165?
3
What is the tens digit of 83553832?
3
What is the units digit of 45488136?
6
What is the hundreds digit of 556257332?
3
What is the units digit of 18722464?
4
What is the hundreds digit of 31504129?
1
What is the ten millions digit of 98680989?
9
What is the thousands digit of 44680513?
0
What is the ten thousands digit of 4047288286?
8
What is the hundreds digit of 35405661?
6
What is the tens digit of 2194087870?
7
What is the ten millions digit of 14979399?
1
What is the hundred millions digit of 141132909?
1
What is the hundred millions digit of 5481035185?
4
What is the hundreds digit of 21549984?
9
What is the hundred thousands digit of 735858350?
8
What is the tens digit of 59171325?
2
What is the hundred thousands digit of 78743163?
7
What is the hundreds digit of 228680?
6
What is the ten thousands digit of 24719624?
1
What is the hundred millions digit of 193654331?
1
What is the hundreds digit of 207463201?
2
What is the billions digit of 1015909039?
1
What is the billions digit of 4189965105?
4
What is the billions digit of 1106987436?
1
What is the hundred millions digit of 577606988?
5
What is the ten millions digit of 1105080402?
0
What is the hundred thousands digit of 26260196?
2
What is the millions digit of 482272201?
2
What is the ten millions digit of 20802140?
2
What is the ten thousands digit of 636128493?
2
What is the hundred thousands digit of 38383522?
3
What is the thousands digit of 251638646?
8
What is the hundred millions digit of 609335256?
6
What is the tens digit of 24831870?
7
What is the thousands digit of 754638878?
8
What is the ten millions digit of 258483397?
5
What is the ten millions digit of 33276606?
3
What is the millions digit of 419707745?
9
What is the thousands digit of 45005905?
5
What is the hundred thousands digit of 108707945?
7
What is the units digit of 1137217?
7
What is the billions digit of 1433427033?
1
What is the ten millions digit of 332346298?
3
What is the units digit of 131827962?
2
What is the billions digit of 5442952002?
5
What is the hundred thousands digit of 27393380?
3
What is the hundred thousands digit of 25559881?
5
What is the hundred thousands digit of 117864787?
8
What is the ten thousands digit of 637770732?
7
What is the millions digit of 65276292?
5
What is the thousands digit of 25777791?
7
What is the hundred thousands digit of 5413319021?
3
What is the ten millions digit of 382229260?
8
What is the ten thousands digit of 161664415?
6
What is the ten thousands digit of 168114607?
1
What is the tens digit of 41862808?
0
What is the millions digit of 351184295?
1
What is the thousands digit of 87321699?
1
What is the thousands digit of 39903777?
3
What is the hundreds digit of 2229217310?
3
What is the ten millions digit of 77426036?
7
What is the ten thousands digit of 1602508512?
0
What is the units digit of 5952107318?
8
What is the ten millions digit of 1115163862?
1
What is the hundred thousands digit of 18180350?
1
What is the units digit of 20294578?
8
What is the tens digit of 5170296006?
0
What is the thousands digit of 108240781?
0
What is the tens digit of 152132462?
6
What is the thousands digit of 132957868?
7
What is the ten millions digit of 11933032?
1
What is the units digit of 22962158?
8
What is the millions digit of 20437128?
0
What is the hundred thousands digit of 7890339772?
3
What is the hundred thousands digit of 152124712?
1
What is the thousands digit of 24305253?
5
What is the ten millions digit of 1176541226?
7
What is the hundred thousands digit of 81935798?
9
What is the millions digit of 66771027?
6
What is the units digit of 15643424?
4
What is the tens digit of 205909469?
6
What is the thousands digit of 1104875697?
5
What is the thousands digit of 331754608?
4
What is the tens digit of 121893935?
3
What is the millions digit of 78661600?
8
What is the ten thousands digit of 1351827461?
2
What is the hundred millions digit of 388617161?
3
What is the hundred thousands digit of 61875041?
8
What is the hundred millions digit of 1845909053?
8
What is the hundreds digit of 2352782261?
2
What is the hundreds digit of 2851497790?
7
What is the ten thousands digit of 2383797041?
9
What is the thousands digit of 48236991?
6
What is the hundred thousands digit of 218290652?
2
What is the ten millions digit of 14457174?
1
What is the ten thousands digit of 304544753?
4
What is the tens digit of 10413314?
1
What is the ten thousands digit of 5269043161?
4
What is the units digit of 3442082775?
5
What is the ten millions digit of 852914568?
5
What is the units digit of 317773?
3
What is the ten millions digit of 44906592?
4
What is the billions digit of 3538533219?
3
What i